ors of 1256795.
5, 251359
List the prime factors of 249470.
2, 5, 13, 19, 101
What are the prime factors of 3323991?
3, 11, 9157
List the prime factors of 1141335.
3, 5, 13, 1951
List the prime factors of 12936541.
17, 839, 907
List the prime factors of 2829007.
2829007
List the prime factors of 772096.
2, 13, 29
List the prime factors of 996242.
2, 13, 38317
What are the prime factors of 1239261?
3, 413087
What are the prime factors of 23594129?
13, 61, 29753
List the prime factors of 756438.
2, 3, 139, 907
What are the prime factors of 761619?
3, 127, 1999
List the prime factors of 311763.
3, 17, 6113
List the prime factors of 438005.
5, 17, 5153
What are the prime factors of 308104?
2, 19, 2027
List the prime factors of 57314.
2, 28657
What are the prime factors of 275440?
2, 5, 11, 313
List the prime factors of 369722.
2, 401, 461
What are the prime factors of 260057?
7, 97, 383
List the prime factors of 8914644.
2, 3, 197, 419
What are the prime factors of 285993?
3, 43, 739
List the prime factors of 2816937.
3, 83, 419
What are the prime factors of 49260?
2, 3, 5, 821
What are the prime factors of 832065?
3, 5, 13, 17, 251
What are the prime factors of 1427978?
2, 23, 37, 839
List the prime factors of 6546447.
3, 37, 6553
List the prime factors of 3015208.
2, 7, 23, 2341
List the prime factors of 66744.
2, 3, 103
List the prime factors of 388027.
31, 12517
What are the prime factors of 1088277?
3, 362759
What are the prime factors of 329173?
13, 25321
What are the prime factors of 494755?
5, 53, 1867
What are the prime factors of 20765090?
2, 5, 23, 137, 659
List the prime factors of 20437325.
5, 179, 4567
What are the prime factors of 389139?
3, 19, 6827
List the prime factors of 71124.
2, 3, 5927
List the prime factors of 626948.
2, 7, 22391
What are the prime factors of 1090017?
3, 13457
List the prime factors of 35360133.
3, 439, 26849
What are the prime factors of 25802420?
2, 5, 7, 113, 233
List the prime factors of 1165100.
2, 5, 61, 191
What are the prime factors of 36099222?
2, 3, 691, 8707
What are the prime factors of 3452191?
31, 193, 577
What are the prime factors of 779648?
2, 6091
List the prime factors of 808009.
277, 2917
What are the prime factors of 165744?
2, 3, 1151
List the prime factors of 1588516.
2, 53, 59, 127
What are the prime factors of 1396871?
7, 431, 463
What are the prime factors of 40040595?
3, 5, 7, 6053
What are the prime factors of 308557?
97, 3181
What are the prime factors of 3051523?
97, 163, 193
List the prime factors of 446520.
2, 3, 5, 61
List the prime factors of 14097598.
2, 7048799
List the prime factors of 734199.
3, 244733
What are the prime factors of 5936855?
5, 1063, 1117
List the prime factors of 3200336.
2, 139, 1439
List the prime factors of 11544755.
5, 29, 103, 773
What are the prime factors of 8434571?
1399, 6029
List the prime factors of 1901698.
2, 127, 7487
What are the prime factors of 207209?
109, 1901
List the prime factors of 1270938.
2, 3, 31, 6833
List the prime factors of 4601384.
2, 575173
List the prime factors of 5030719.
5030719
What are the prime factors of 805153?
805153
What are the prime factors of 2970833?
2970833
List the prime factors of 22693631.
29, 782539
What are the prime factors of 469599?
3, 13, 12041
What are the prime factors of 13651365?
3, 5, 7, 13, 73, 137
What are the prime factors of 1067620?
2, 5, 53381
What are the prime factors of 1809100?
2, 5, 79, 229
List the prime factors of 1213149.
3, 7, 41, 1409
List the prime factors of 394828.
2, 7, 59, 239
What are the prime factors of 4357253?
17, 15077
List the prime factors of 5333559.
3, 7, 11, 2099
List the prime factors of 415666.
2, 207833
List the prime factors of 5383613.
79, 68147
List the prime factors of 637913.
29, 21997
List the prime factors of 216304.
2, 11, 1229
What are the prime factors of 96371?
11, 8761
List the prime factors of 10647113.
10647113
List the prime factors of 3420701.
3420701
What are the prime factors of 67391?
67391
List the prime factors of 17225637.
3, 11, 13, 40153
List the prime factors of 2755503.
3, 306167
List the prime factors of 5704248.
2, 3, 11, 17, 31, 41
List the prime factors of 274151.
19, 47, 307
What are the prime factors of 494726?
2, 247363
List the prime factors of 5483034.
2, 3, 419, 727
What are the prime factors of 350827?
31, 11317
What are the prime factors of 1672522?
2, 239, 3499
What are the prime factors of 12597745?
5, 29, 283, 307
What are the prime factors of 454178?
2, 227089
What are the prime factors of 38349511?
31, 433, 2857
List the prime factors of 23143604.
2, 11, 593, 887
List the prime factors of 5330366.
2, 43, 61981
List the prime factors of 19526637.
3, 13, 103, 4861
What are the prime factors of 2214919?
7, 31, 59, 173
List the prime factors of 905091.
3, 11, 27427
What are the prime factors of 2328688?
2, 145543
List the prime factors of 2235289.
7, 319327
What are the prime factors of 2022431?
29, 69739
What are the prime factors of 302833?
302833
List the prime factors of 1923628.
2, 7, 23, 29, 103
What are the prime factors of 524805?
3, 5, 59, 593
List the prime factors of 312501.
3, 7, 23, 647
What are the prime factors of 204429?
3, 83, 821
What are the prime factors of 5912389?
7, 120661
What are the prime factors of 2962890?
2, 3, 5, 7, 4703
What are the prime factors of 1582937?
1582937
What are the prime factors of 271828?
2, 67957
List the prime factors of 5525828.
2, 7, 11, 233
What are the prime factors of 9423922?
2, 109, 139, 311
What are the prime factors of 18997654?
2, 13, 730679
List the prime factors of 847730.
2, 5, 13, 6521
What are the prime factors of 1431897?
3, 19, 25121
List the prime factors of 4508954.
2, 2254477
List the prime factors of 18216579.
3, 641, 9473
List the prime factors of 396030.
2, 3, 5, 43, 307
What are the prime factors of 4557?
3, 7, 31
What are the prime factors of 386484?
2, 3, 7, 43, 107
What are the prime factors of 259601?
23, 11287
What are the prime factors of 1735467?
3, 578489
What are the prime factors of 61423?
239, 257
List the prime factors of 442892.
2, 263, 421
List the prime factors of 229914.
2, 3, 53, 241
What are the prime factors of 140050?
2, 5, 2801
What are the prime factors of 125665?
5, 41, 613
What are the prime factors of 71981?
7, 13, 113
List the prime factors of 23837931.
3, 13, 73, 2791
What are the prime factors of 128072?
2, 7, 2287
What are the prime factors of 259422?
2, 3, 43237
List the prime factors of 114968.
2, 7, 2053
What are the prime factors of 13569037?
43, 315559
List the prime factors of 10782598.
2, 197, 27367
List the prime factors of 247766.
2, 43, 67
What are the prime factors of 4103766?
2, 3, 17, 13411
What are the prime factors of 14899?
47, 317
What are the prime factors of 371421?
3, 41269
What are the prime factors of 954325?
5, 59, 647
What are the prime factors of 218759?
283, 773
What are the prime factors of 975135?
3, 5, 7, 37, 251
What are the prime factors of 1653835?
5, 330767
What are the prime factors of 1324478?
2, 23, 28793
List the prime factors of 8551398.
2, 3, 373, 3821
What are the prime factors of 12861130?
2, 5, 557, 2309
List the prime factors of 214197.
3, 71399
What are the prime factors of 8775629?
8775629
What are the prime factors of 248466?
2, 3, 41411
What are the prime factors of 4577757?
3, 73, 20903
List the prime factors of 3622774.
2, 1811387
What are the prime factors of 1580924?
2, 395231
List the prime factors of 1622067.
3, 540689
What are the prime factors of 3065565?
3, 5, 204371
List the prime factors of 3778626.
2, 3, 73, 8627
What are the prime factors of 207682?
2, 103841
What are the prime factors of 3125239?
13, 311, 773
What are the prime factors of 7802938?
2, 11, 13, 27283
What are the prime factors of 3669303?
3, 11, 111191
What are the prime factors of 2183883?
3, 13, 55997
What are the prime factors of 2035970?
2, 5, 73, 2789
What are the prime factors of 7130?
2, 5, 23, 31
List the prime factors of 5228214.
2, 3, 17, 51257
What are the prime factors of 6257373?
3, 97, 21503
What are the prime factors of 30075895?
5, 1447, 4157
List the prime factors of 131064.
2, 3, 43, 127
What are the prime factors of 84915?
3, 5, 17, 37
List the prime factors of 320655.
3, 5